{"id":217,"date":"2026-02-25T18:38:26","date_gmt":"2026-02-25T18:38:26","guid":{"rendered":"https:\/\/direitoshumanos.gamerocorporation.com\/?page_id=217"},"modified":"2026-02-25T18:38:27","modified_gmt":"2026-02-25T18:38:27","slug":"termos-de-uso","status":"publish","type":"page","link":"https:\/\/direitoshumanos.gamerocorporation.com\/index.php\/termos-de-uso\/","title":{"rendered":"Termos de Uso"},"content":{"rendered":"\n<p>Este site \u00e9 para fins educativos e de projeto escolar. N\u00e3o \u00e9 permitido copiar, usar ou divulgar o conte\u00fado para fins comerciais. O conte\u00fado pode ser alterado ou removido sem aviso pr\u00e9vio.<\/p>\n","protected":false},"excerpt":{"rendered":"<p>Este site \u00e9 para fins educativos e de projeto escolar. N\u00e3o \u00e9 permitido copiar, usar ou divulgar o conte\u00fado para fins comerciais. O conte\u00fado pode ser alterado ou removido sem aviso pr\u00e9vio.<\/p>\n","protected":false},"author":1,"featured_media":0,"parent":0,"menu_order":0,"comment_status":"closed","ping_status":"closed","template":"","meta":{"footnotes":""},"class_list":["post-217","page","type-page","status-publish","hentry"],"_links":{"self":[{"href":"https:\/\/direitoshumanos.gamerocorporation.com\/index.php\/wp-json\/wp\/v2\/pages\/217","targetHints":{"allow":["GET"]}}],"collection":[{"href":"https:\/\/direitoshumanos.gamerocorporation.com\/index.php\/wp-json\/wp\/v2\/pages"}],"about":[{"href":"https:\/\/direitoshumanos.gamerocorporation.com\/index.php\/wp-json\/wp\/v2\/types\/page"}],"author":[{"embeddable":true,"href":"https:\/\/direitoshumanos.gamerocorporation.com\/index.php\/wp-json\/wp\/v2\/users\/1"}],"replies":[{"embeddable":true,"href":"https:\/\/direitoshumanos.gamerocorporation.com\/index.php\/wp-json\/wp\/v2\/comments?post=217"}],"version-history":[{"count":1,"href":"https:\/\/direitoshumanos.gamerocorporation.com\/index.php\/wp-json\/wp\/v2\/pages\/217\/revisions"}],"predecessor-version":[{"id":218,"href":"https:\/\/direitoshumanos.gamerocorporation.com\/index.php\/wp-json\/wp\/v2\/pages\/217\/revisions\/218"}],"wp:attachment":[{"href":"https:\/\/direitoshumanos.gamerocorporation.com\/index.php\/wp-json\/wp\/v2\/media?parent=217"}],"curies":[{"name":"wp","href":"https:\/\/api.w.org\/{rel}","templated":true}]}}